{"id":701,"date":"2022-07-17T15:57:00","date_gmt":"2022-07-17T15:57:00","guid":{"rendered":"https:\/\/improvizafond.fr\/?page_id=701"},"modified":"2022-07-28T09:36:33","modified_gmt":"2022-07-28T09:36:33","slug":"video-cine","status":"publish","type":"page","link":"https:\/\/improvizafond.fr\/?page_id=701","title":{"rendered":"IAF fait son cin\u00e9ma"},"content":{"rendered":"\t\t<div data-elementor-type=\"wp-page\" data-elementor-id=\"701\" class=\"elementor elementor-701\">\n\t\t\t\t\t\t<section class=\"elementor-section elementor-top-section elementor-element elementor-element-f236ab0 elementor-section-boxed elementor-section-height-default elementor-section-height-default\" data-id=\"f236ab0\" data-element_type=\"section\">\n\t\t\t\t\t\t<div class=\"elementor-container elementor-column-gap-default\">\n\t\t\t\t\t<div class=\"elementor-column elementor-col-100 elementor-top-column elementor-element elementor-element-69aa1a9\" data-id=\"69aa1a9\" data-element_type=\"column\">\n\t\t\t<div class=\"elementor-widget-wrap\">\n\t\t\t\t\t\t\t<\/div>\n\t\t<\/div>\n\t\t\t\t\t<\/div>\n\t\t<\/section>\n\t\t\t\t<section class=\"elementor-section elementor-top-section elementor-element elementor-element-437d2b6 elementor-section-boxed elementor-section-height-default elementor-section-height-default\" data-id=\"437d2b6\" data-element_type=\"section\">\n\t\t\t\t\t\t<div class=\"elementor-container elementor-column-gap-default\">\n\t\t\t\t\t<div class=\"elementor-column elementor-col-100 elementor-top-column elementor-element elementor-element-92b2b1b\" data-id=\"92b2b1b\" data-element_type=\"column\">\n\t\t\t<div class=\"elementor-widget-wrap elementor-element-populated\">\n\t\t\t\t\t\t<div class=\"elementor-element elementor-element-44ffeb2 elementor-widget elementor-widget-image\" data-id=\"44ffeb2\" data-element_type=\"widget\" data-widget_type=\"image.default\">\n\t\t\t\t<div class=\"elementor-widget-container\">\n\t\t\t\t\t\t\t\t\t\t\t\t\t\t\t<img fetchpriority=\"high\" decoding=\"async\" width=\"300\" height=\"212\" src=\"https:\/\/improvizafond.fr\/wp-content\/uploads\/2022\/07\/vignette-IAF-cine\u0301-2022-300x212.png\" class=\"attachment-medium size-medium wp-image-1176\" alt=\"IAF fait son cin\u00e9ma\" srcset=\"https:\/\/improvizafond.fr\/wp-content\/uploads\/2022\/07\/vignette-IAF-cine\u0301-2022-300x212.png 300w, https:\/\/improvizafond.fr\/wp-content\/uploads\/2022\/07\/vignette-IAF-cine\u0301-2022-1024x724.png 1024w, https:\/\/improvizafond.fr\/wp-content\/uploads\/2022\/07\/vignette-IAF-cine\u0301-2022-768x543.png 768w, https:\/\/improvizafond.fr\/wp-content\/uploads\/2022\/07\/vignette-IAF-cine\u0301-2022.png 1063w\" sizes=\"(max-width: 300px) 100vw, 300px\" \/>\t\t\t\t\t\t\t\t\t\t\t\t\t\t\t<\/div>\n\t\t\t\t<\/div>\n\t\t\t\t<div class=\"elementor-element elementor-element-df6f863 elementor-widget elementor-widget-text-editor\" data-id=\"df6f863\" data-element_type=\"widget\" data-widget_type=\"text-editor.default\">\n\t\t\t\t<div class=\"elementor-widget-container\">\n\t\t\t\t\t\t\t\t\t<p style=\"text-align: center;\">En avril 2022, les improvisateurs de la Ligue d&rsquo;improvisation de Sin le Noble d\u00e9cident de revisiter les films et sc\u00e8nes cultes du cin\u00e9ma, mais en version low cost&#8230;<\/p><p style=\"text-align: center;\">19 sc\u00e8nes, 6h de tournage, 4 jours de post production plus tard et voil\u00e0 \u00ab\u00a0IAF fait son cin\u00e9ma\u00a0\u00bb.<\/p><p style=\"text-align: center;\">Prenez plaisir avec cette vid\u00e9o et ces quelques photos souvenirs<\/p>\t\t\t\t\t\t\t\t<\/div>\n\t\t\t\t<\/div>\n\t\t\t\t<div class=\"elementor-element elementor-element-2b5085a elementor-widget elementor-widget-video\" data-id=\"2b5085a\" data-element_type=\"widget\" data-settings=\"{&quot;youtube_url&quot;:&quot;https:\\\/\\\/youtu.be\\\/oI2qWSLdkeM&quot;,&quot;video_type&quot;:&quot;youtube&quot;,&quot;controls&quot;:&quot;yes&quot;}\" data-widget_type=\"video.default\">\n\t\t\t\t<div class=\"elementor-widget-container\">\n\t\t\t\t\t\t\t<div class=\"elementor-wrapper elementor-open-inline\">\n\t\t\t<div class=\"elementor-video\"><\/div>\t\t<\/div>\n\t\t\t\t\t\t<\/div>\n\t\t\t\t<\/div>\n\t\t\t\t\t<\/div>\n\t\t<\/div>\n\t\t\t\t\t<\/div>\n\t\t<\/section>\n\t\t\t\t<section class=\"elementor-section elementor-top-section elementor-element elementor-element-bf464ce elementor-section-boxed elementor-section-height-default elementor-section-height-default\" data-id=\"bf464ce\" data-element_type=\"section\">\n\t\t\t\t\t\t<div class=\"elementor-container elementor-column-gap-default\">\n\t\t\t\t\t<div class=\"elementor-column elementor-col-100 elementor-top-column elementor-element elementor-element-866e843\" data-id=\"866e843\" data-element_type=\"column\">\n\t\t\t<div class=\"elementor-widget-wrap elementor-element-populated\">\n\t\t\t\t\t\t<div class=\"elementor-element elementor-element-966e2ce elementor-arrows-position-inside elementor-pagination-position-outside elementor-widget elementor-widget-image-carousel\" data-id=\"966e2ce\" data-element_type=\"widget\" data-settings=\"{&quot;autoplay_speed&quot;:2000,&quot;navigation&quot;:&quot;both&quot;,&quot;autoplay&quot;:&quot;yes&quot;,&quot;pause_on_hover&quot;:&quot;yes&quot;,&quot;pause_on_interaction&quot;:&quot;yes&quot;,&quot;infinite&quot;:&quot;yes&quot;,&quot;speed&quot;:500}\" data-widget_type=\"image-carousel.default\">\n\t\t\t\t<div class=\"elementor-widget-container\">\n\t\t\t\t\t\t\t<div class=\"elementor-image-carousel-wrapper swiper\" role=\"region\" aria-roledescription=\"carousel\" aria-label=\"Carrousel d\u2019images\" dir=\"ltr\">\n\t\t\t<div class=\"elementor-image-carousel swiper-wrapper\" aria-live=\"off\">\n\t\t\t\t\t\t\t\t<div class=\"swiper-slide\" role=\"group\" aria-roledescription=\"slide\" aria-label=\"1 sur 23\"><figure class=\"swiper-slide-inner\"><img decoding=\"async\" class=\"swiper-slide-image\" src=\"https:\/\/improvizafond.fr\/wp-content\/uploads\/2022\/07\/DSC3202_DxO-600x600.jpg\" alt=\"_DSC3202_DxO\" \/><\/figure><\/div><div class=\"swiper-slide\" role=\"group\" aria-roledescription=\"slide\" aria-label=\"2 sur 23\"><figure class=\"swiper-slide-inner\"><img decoding=\"async\" class=\"swiper-slide-image\" src=\"https:\/\/improvizafond.fr\/wp-content\/uploads\/2022\/07\/DSC3206_DxO-600x600.jpg\" alt=\"_DSC3206_DxO\" \/><\/figure><\/div><div class=\"swiper-slide\" role=\"group\" aria-roledescription=\"slide\" aria-label=\"3 sur 23\"><figure class=\"swiper-slide-inner\"><img decoding=\"async\" class=\"swiper-slide-image\" src=\"https:\/\/improvizafond.fr\/wp-content\/uploads\/2022\/07\/DSC3207_DxO-600x600.jpg\" alt=\"_DSC3207_DxO\" \/><\/figure><\/div><div class=\"swiper-slide\" role=\"group\" aria-roledescription=\"slide\" aria-label=\"4 sur 23\"><figure class=\"swiper-slide-inner\"><img decoding=\"async\" class=\"swiper-slide-image\" src=\"https:\/\/improvizafond.fr\/wp-content\/uploads\/2022\/07\/DSC3208_DxO-600x600.jpg\" alt=\"_DSC3208_DxO\" \/><\/figure><\/div><div class=\"swiper-slide\" role=\"group\" aria-roledescription=\"slide\" aria-label=\"5 sur 23\"><figure class=\"swiper-slide-inner\"><img decoding=\"async\" class=\"swiper-slide-image\" src=\"https:\/\/improvizafond.fr\/wp-content\/uploads\/2022\/07\/DSC3212_DxO-600x600.jpg\" alt=\"_DSC3212_DxO\" \/><\/figure><\/div><div class=\"swiper-slide\" role=\"group\" aria-roledescription=\"slide\" aria-label=\"6 sur 23\"><figure class=\"swiper-slide-inner\"><img decoding=\"async\" class=\"swiper-slide-image\" src=\"https:\/\/improvizafond.fr\/wp-content\/uploads\/2022\/07\/DSC3217_DxO-600x600.jpg\" alt=\"_DSC3217_DxO\" \/><\/figure><\/div><div class=\"swiper-slide\" role=\"group\" aria-roledescription=\"slide\" aria-label=\"7 sur 23\"><figure class=\"swiper-slide-inner\"><img decoding=\"async\" class=\"swiper-slide-image\" src=\"https:\/\/improvizafond.fr\/wp-content\/uploads\/2022\/07\/DSC3220_DxO-600x600.jpg\" alt=\"_DSC3220_DxO\" \/><\/figure><\/div><div class=\"swiper-slide\" role=\"group\" aria-roledescription=\"slide\" aria-label=\"8 sur 23\"><figure class=\"swiper-slide-inner\"><img decoding=\"async\" class=\"swiper-slide-image\" src=\"https:\/\/improvizafond.fr\/wp-content\/uploads\/2022\/07\/DSC3223_DxO-600x600.jpg\" alt=\"_DSC3223_DxO\" \/><\/figure><\/div><div class=\"swiper-slide\" role=\"group\" aria-roledescription=\"slide\" aria-label=\"9 sur 23\"><figure class=\"swiper-slide-inner\"><img decoding=\"async\" class=\"swiper-slide-image\" src=\"https:\/\/improvizafond.fr\/wp-content\/uploads\/2022\/07\/DSC3229_DxO-600x600.jpg\" alt=\"_DSC3229_DxO\" \/><\/figure><\/div><div class=\"swiper-slide\" role=\"group\" aria-roledescription=\"slide\" aria-label=\"10 sur 23\"><figure class=\"swiper-slide-inner\"><img decoding=\"async\" class=\"swiper-slide-image\" src=\"https:\/\/improvizafond.fr\/wp-content\/uploads\/2022\/07\/DSC3233_DxO-600x600.jpg\" alt=\"_DSC3233_DxO\" \/><\/figure><\/div><div class=\"swiper-slide\" role=\"group\" aria-roledescription=\"slide\" aria-label=\"11 sur 23\"><figure class=\"swiper-slide-inner\"><img decoding=\"async\" class=\"swiper-slide-image\" src=\"https:\/\/improvizafond.fr\/wp-content\/uploads\/2022\/07\/DSC3235_DxO-600x600.jpg\" alt=\"_DSC3235_DxO\" \/><\/figure><\/div><div class=\"swiper-slide\" role=\"group\" aria-roledescription=\"slide\" aria-label=\"12 sur 23\"><figure class=\"swiper-slide-inner\"><img decoding=\"async\" class=\"swiper-slide-image\" src=\"https:\/\/improvizafond.fr\/wp-content\/uploads\/2022\/07\/DSC3237_DxO-600x600.jpg\" alt=\"_DSC3237_DxO\" \/><\/figure><\/div><div class=\"swiper-slide\" role=\"group\" aria-roledescription=\"slide\" aria-label=\"13 sur 23\"><figure class=\"swiper-slide-inner\"><img decoding=\"async\" class=\"swiper-slide-image\" src=\"https:\/\/improvizafond.fr\/wp-content\/uploads\/2022\/07\/DSC3244_DxO-600x600.jpg\" alt=\"_DSC3244_DxO\" \/><\/figure><\/div><div class=\"swiper-slide\" role=\"group\" aria-roledescription=\"slide\" aria-label=\"14 sur 23\"><figure class=\"swiper-slide-inner\"><img decoding=\"async\" class=\"swiper-slide-image\" src=\"https:\/\/improvizafond.fr\/wp-content\/uploads\/2022\/07\/DSC3246_DxO-600x600.jpg\" alt=\"_DSC3246_DxO\" \/><\/figure><\/div><div class=\"swiper-slide\" role=\"group\" aria-roledescription=\"slide\" aria-label=\"15 sur 23\"><figure class=\"swiper-slide-inner\"><img decoding=\"async\" class=\"swiper-slide-image\" src=\"https:\/\/improvizafond.fr\/wp-content\/uploads\/2022\/07\/DSC3251_DxO-600x600.jpg\" alt=\"_DSC3251_DxO\" \/><\/figure><\/div><div class=\"swiper-slide\" role=\"group\" aria-roledescription=\"slide\" aria-label=\"16 sur 23\"><figure class=\"swiper-slide-inner\"><img decoding=\"async\" class=\"swiper-slide-image\" src=\"https:\/\/improvizafond.fr\/wp-content\/uploads\/2022\/07\/DSC3256_DxO-600x600.jpg\" alt=\"_DSC3256_DxO\" \/><\/figure><\/div><div class=\"swiper-slide\" role=\"group\" aria-roledescription=\"slide\" aria-label=\"17 sur 23\"><figure class=\"swiper-slide-inner\"><img decoding=\"async\" class=\"swiper-slide-image\" src=\"https:\/\/improvizafond.fr\/wp-content\/uploads\/2022\/07\/DSC3257_DxO-600x600.jpg\" alt=\"_DSC3257_DxO\" \/><\/figure><\/div><div class=\"swiper-slide\" role=\"group\" aria-roledescription=\"slide\" aria-label=\"18 sur 23\"><figure class=\"swiper-slide-inner\"><img decoding=\"async\" class=\"swiper-slide-image\" src=\"https:\/\/improvizafond.fr\/wp-content\/uploads\/2022\/07\/DSC3261_DxO-600x600.jpg\" alt=\"_DSC3261_DxO\" \/><\/figure><\/div><div class=\"swiper-slide\" role=\"group\" aria-roledescription=\"slide\" aria-label=\"19 sur 23\"><figure class=\"swiper-slide-inner\"><img decoding=\"async\" class=\"swiper-slide-image\" src=\"https:\/\/improvizafond.fr\/wp-content\/uploads\/2022\/07\/DSC3271_DxO-600x600.jpg\" alt=\"_DSC3271_DxO\" \/><\/figure><\/div><div class=\"swiper-slide\" role=\"group\" aria-roledescription=\"slide\" aria-label=\"20 sur 23\"><figure class=\"swiper-slide-inner\"><img decoding=\"async\" class=\"swiper-slide-image\" src=\"https:\/\/improvizafond.fr\/wp-content\/uploads\/2022\/07\/DSC3273_DxO-600x600.jpg\" alt=\"_DSC3273_DxO\" \/><\/figure><\/div><div class=\"swiper-slide\" role=\"group\" aria-roledescription=\"slide\" aria-label=\"21 sur 23\"><figure class=\"swiper-slide-inner\"><img decoding=\"async\" class=\"swiper-slide-image\" src=\"https:\/\/improvizafond.fr\/wp-content\/uploads\/2022\/07\/DSC3279_DxO-600x600.jpg\" alt=\"_DSC3279_DxO\" \/><\/figure><\/div><div class=\"swiper-slide\" role=\"group\" aria-roledescription=\"slide\" aria-label=\"22 sur 23\"><figure class=\"swiper-slide-inner\"><img decoding=\"async\" class=\"swiper-slide-image\" src=\"https:\/\/improvizafond.fr\/wp-content\/uploads\/2022\/07\/DSC3281_DxO-600x600.jpg\" alt=\"_DSC3281_DxO\" \/><\/figure><\/div><div class=\"swiper-slide\" role=\"group\" aria-roledescription=\"slide\" aria-label=\"23 sur 23\"><figure class=\"swiper-slide-inner\"><img decoding=\"async\" class=\"swiper-slide-image\" src=\"https:\/\/improvizafond.fr\/wp-content\/uploads\/2022\/07\/DSC3282_DxO-600x600.jpg\" alt=\"_DSC3282_DxO\" \/><\/figure><\/div>\t\t\t<\/div>\n\t\t\t\t\t\t\t\t\t\t\t\t<div class=\"elementor-swiper-button elementor-swiper-button-prev\" role=\"button\" tabindex=\"0\">\n\t\t\t\t\t\t<i aria-hidden=\"true\" class=\"eicon-chevron-left\"><\/i>\t\t\t\t\t<\/div>\n\t\t\t\t\t<div class=\"elementor-swiper-button elementor-swiper-button-next\" role=\"button\" tabindex=\"0\">\n\t\t\t\t\t\t<i aria-hidden=\"true\" class=\"eicon-chevron-right\"><\/i>\t\t\t\t\t<\/div>\n\t\t\t\t\n\t\t\t\t\t\t\t\t\t<div class=\"swiper-pagination\"><\/div>\n\t\t\t\t\t\t\t\t\t<\/div>\n\t\t\t\t\t\t<\/div>\n\t\t\t\t<\/div>\n\t\t\t\t\t<\/div>\n\t\t<\/div>\n\t\t\t\t\t<\/div>\n\t\t<\/section>\n\t\t\t\t<\/div>\n\t\t","protected":false},"excerpt":{"rendered":"<p>En avril 2022, les improvisateurs de la Ligue d&rsquo;improvisation de Sin le Noble d\u00e9cident de revisiter les films et sc\u00e8nes cultes du cin\u00e9ma, mais en version low cost&#8230; 19 sc\u00e8nes, 6h de tournage, 4 jours de post production plus tard et voil\u00e0 \u00ab\u00a0IAF fait son cin\u00e9ma\u00a0\u00bb. Prenez plaisir avec cette vid\u00e9o et ces quelques photos [&hellip;]<\/p>\n","protected":false},"author":1,"featured_media":1176,"parent":0,"menu_order":0,"comment_status":"closed","ping_status":"closed","template":"","meta":{"footnotes":""},"yoast_head":"<!-- This site is optimized with the Yoast SEO plugin v24.5 - https:\/\/yoast.com\/wordpress\/plugins\/seo\/ -->\n<title>IAF fait son cin\u00e9ma - ImprovizaFond<\/title>\n<meta name=\"description\" content=\"Vid\u00e9o cin\u00e9. Quand IAF fait son cin\u00e9ma \u00e7a donne un moment intense avec les adh\u00e9rents d&#039;IMPROVIZ&#039; \u00c0 FOND. \u00e0 voir et \u00e0 revoir.\" \/>\n<meta name=\"robots\" content=\"index, follow, max-snippet:-1, max-image-preview:large, max-video-preview:-1\" \/>\n<link rel=\"canonical\" href=\"https:\/\/improvizafond.fr\/?page_id=701\" \/>\n<meta property=\"og:locale\" content=\"fr_FR\" \/>\n<meta property=\"og:type\" content=\"article\" \/>\n<meta property=\"og:title\" content=\"IAF fait son cin\u00e9ma - ImprovizaFond\" \/>\n<meta property=\"og:description\" content=\"Vid\u00e9o cin\u00e9. Quand IAF fait son cin\u00e9ma \u00e7a donne un moment intense avec les adh\u00e9rents d&#039;IMPROVIZ&#039; \u00c0 FOND. \u00e0 voir et \u00e0 revoir.\" \/>\n<meta property=\"og:url\" content=\"https:\/\/improvizafond.fr\/?page_id=701\" \/>\n<meta property=\"og:site_name\" content=\"ImprovizaFond\" \/>\n<meta property=\"article:modified_time\" content=\"2022-07-28T09:36:33+00:00\" \/>\n<meta property=\"og:image\" content=\"https:\/\/improvizafond.fr\/wp-content\/uploads\/2022\/07\/vignette-IAF-cine\u0301-2022.png\" \/>\n\t<meta property=\"og:image:width\" content=\"1063\" \/>\n\t<meta property=\"og:image:height\" content=\"752\" \/>\n\t<meta property=\"og:image:type\" content=\"image\/png\" \/>\n<meta name=\"twitter:card\" content=\"summary_large_image\" \/>\n<meta name=\"twitter:label1\" content=\"Dur\u00e9e de lecture estim\u00e9e\" \/>\n\t<meta name=\"twitter:data1\" content=\"7 minutes\" \/>\n<script type=\"application\/ld+json\" class=\"yoast-schema-graph\">{\"@context\":\"https:\/\/schema.org\",\"@graph\":[{\"@type\":\"WebPage\",\"@id\":\"https:\/\/improvizafond.fr\/?page_id=701\",\"url\":\"https:\/\/improvizafond.fr\/?page_id=701\",\"name\":\"IAF fait son cin\u00e9ma - ImprovizaFond\",\"isPartOf\":{\"@id\":\"https:\/\/improvizafond.fr\/#website\"},\"primaryImageOfPage\":{\"@id\":\"https:\/\/improvizafond.fr\/?page_id=701#primaryimage\"},\"image\":{\"@id\":\"https:\/\/improvizafond.fr\/?page_id=701#primaryimage\"},\"thumbnailUrl\":\"https:\/\/improvizafond.fr\/wp-content\/uploads\/2022\/07\/vignette-IAF-cine\u0301-2022.png\",\"datePublished\":\"2022-07-17T15:57:00+00:00\",\"dateModified\":\"2022-07-28T09:36:33+00:00\",\"description\":\"Vid\u00e9o cin\u00e9. Quand IAF fait son cin\u00e9ma \u00e7a donne un moment intense avec les adh\u00e9rents d'IMPROVIZ' \u00c0 FOND. \u00e0 voir et \u00e0 revoir.\",\"breadcrumb\":{\"@id\":\"https:\/\/improvizafond.fr\/?page_id=701#breadcrumb\"},\"inLanguage\":\"fr-FR\",\"potentialAction\":[{\"@type\":\"ReadAction\",\"target\":[\"https:\/\/improvizafond.fr\/?page_id=701\"]}]},{\"@type\":\"ImageObject\",\"inLanguage\":\"fr-FR\",\"@id\":\"https:\/\/improvizafond.fr\/?page_id=701#primaryimage\",\"url\":\"https:\/\/improvizafond.fr\/wp-content\/uploads\/2022\/07\/vignette-IAF-cine\u0301-2022.png\",\"contentUrl\":\"https:\/\/improvizafond.fr\/wp-content\/uploads\/2022\/07\/vignette-IAF-cine\u0301-2022.png\",\"width\":1063,\"height\":752,\"caption\":\"IAF fait son cin\u00e9ma\"},{\"@type\":\"BreadcrumbList\",\"@id\":\"https:\/\/improvizafond.fr\/?page_id=701#breadcrumb\",\"itemListElement\":[{\"@type\":\"ListItem\",\"position\":1,\"name\":\"Accueil\",\"item\":\"https:\/\/improvizafond.fr\/\"},{\"@type\":\"ListItem\",\"position\":2,\"name\":\"IAF fait son cin\u00e9ma\"}]},{\"@type\":\"WebSite\",\"@id\":\"https:\/\/improvizafond.fr\/#website\",\"url\":\"https:\/\/improvizafond.fr\/\",\"name\":\"ImprovizaFond\",\"description\":\"Improvise ta vie!\",\"publisher\":{\"@id\":\"https:\/\/improvizafond.fr\/#organization\"},\"potentialAction\":[{\"@type\":\"SearchAction\",\"target\":{\"@type\":\"EntryPoint\",\"urlTemplate\":\"https:\/\/improvizafond.fr\/?s={search_term_string}\"},\"query-input\":{\"@type\":\"PropertyValueSpecification\",\"valueRequired\":true,\"valueName\":\"search_term_string\"}}],\"inLanguage\":\"fr-FR\"},{\"@type\":\"Organization\",\"@id\":\"https:\/\/improvizafond.fr\/#organization\",\"name\":\"ImprovizaFond\",\"url\":\"https:\/\/improvizafond.fr\/\",\"logo\":{\"@type\":\"ImageObject\",\"inLanguage\":\"fr-FR\",\"@id\":\"https:\/\/improvizafond.fr\/#\/schema\/logo\/image\/\",\"url\":\"https:\/\/improvizafond.fr\/wp-content\/uploads\/2022\/07\/cropped-IAF_Logo_V3-2-1.png\",\"contentUrl\":\"https:\/\/improvizafond.fr\/wp-content\/uploads\/2022\/07\/cropped-IAF_Logo_V3-2-1.png\",\"width\":3508,\"height\":2481,\"caption\":\"ImprovizaFond\"},\"image\":{\"@id\":\"https:\/\/improvizafond.fr\/#\/schema\/logo\/image\/\"}}]}<\/script>\n<!-- \/ Yoast SEO plugin. -->","yoast_head_json":{"title":"IAF fait son cin\u00e9ma - ImprovizaFond","description":"Vid\u00e9o cin\u00e9. Quand IAF fait son cin\u00e9ma \u00e7a donne un moment intense avec les adh\u00e9rents d'IMPROVIZ' \u00c0 FOND. \u00e0 voir et \u00e0 revoir.","robots":{"index":"index","follow":"follow","max-snippet":"max-snippet:-1","max-image-preview":"max-image-preview:large","max-video-preview":"max-video-preview:-1"},"canonical":"https:\/\/improvizafond.fr\/?page_id=701","og_locale":"fr_FR","og_type":"article","og_title":"IAF fait son cin\u00e9ma - ImprovizaFond","og_description":"Vid\u00e9o cin\u00e9. Quand IAF fait son cin\u00e9ma \u00e7a donne un moment intense avec les adh\u00e9rents d'IMPROVIZ' \u00c0 FOND. \u00e0 voir et \u00e0 revoir.","og_url":"https:\/\/improvizafond.fr\/?page_id=701","og_site_name":"ImprovizaFond","article_modified_time":"2022-07-28T09:36:33+00:00","og_image":[{"width":1063,"height":752,"url":"https:\/\/improvizafond.fr\/wp-content\/uploads\/2022\/07\/vignette-IAF-cine\u0301-2022.png","type":"image\/png"}],"twitter_card":"summary_large_image","twitter_misc":{"Dur\u00e9e de lecture estim\u00e9e":"7 minutes"},"schema":{"@context":"https:\/\/schema.org","@graph":[{"@type":"WebPage","@id":"https:\/\/improvizafond.fr\/?page_id=701","url":"https:\/\/improvizafond.fr\/?page_id=701","name":"IAF fait son cin\u00e9ma - ImprovizaFond","isPartOf":{"@id":"https:\/\/improvizafond.fr\/#website"},"primaryImageOfPage":{"@id":"https:\/\/improvizafond.fr\/?page_id=701#primaryimage"},"image":{"@id":"https:\/\/improvizafond.fr\/?page_id=701#primaryimage"},"thumbnailUrl":"https:\/\/improvizafond.fr\/wp-content\/uploads\/2022\/07\/vignette-IAF-cine\u0301-2022.png","datePublished":"2022-07-17T15:57:00+00:00","dateModified":"2022-07-28T09:36:33+00:00","description":"Vid\u00e9o cin\u00e9. Quand IAF fait son cin\u00e9ma \u00e7a donne un moment intense avec les adh\u00e9rents d'IMPROVIZ' \u00c0 FOND. \u00e0 voir et \u00e0 revoir.","breadcrumb":{"@id":"https:\/\/improvizafond.fr\/?page_id=701#breadcrumb"},"inLanguage":"fr-FR","potentialAction":[{"@type":"ReadAction","target":["https:\/\/improvizafond.fr\/?page_id=701"]}]},{"@type":"ImageObject","inLanguage":"fr-FR","@id":"https:\/\/improvizafond.fr\/?page_id=701#primaryimage","url":"https:\/\/improvizafond.fr\/wp-content\/uploads\/2022\/07\/vignette-IAF-cine\u0301-2022.png","contentUrl":"https:\/\/improvizafond.fr\/wp-content\/uploads\/2022\/07\/vignette-IAF-cine\u0301-2022.png","width":1063,"height":752,"caption":"IAF fait son cin\u00e9ma"},{"@type":"BreadcrumbList","@id":"https:\/\/improvizafond.fr\/?page_id=701#breadcrumb","itemListElement":[{"@type":"ListItem","position":1,"name":"Accueil","item":"https:\/\/improvizafond.fr\/"},{"@type":"ListItem","position":2,"name":"IAF fait son cin\u00e9ma"}]},{"@type":"WebSite","@id":"https:\/\/improvizafond.fr\/#website","url":"https:\/\/improvizafond.fr\/","name":"ImprovizaFond","description":"Improvise ta vie!","publisher":{"@id":"https:\/\/improvizafond.fr\/#organization"},"potentialAction":[{"@type":"SearchAction","target":{"@type":"EntryPoint","urlTemplate":"https:\/\/improvizafond.fr\/?s={search_term_string}"},"query-input":{"@type":"PropertyValueSpecification","valueRequired":true,"valueName":"search_term_string"}}],"inLanguage":"fr-FR"},{"@type":"Organization","@id":"https:\/\/improvizafond.fr\/#organization","name":"ImprovizaFond","url":"https:\/\/improvizafond.fr\/","logo":{"@type":"ImageObject","inLanguage":"fr-FR","@id":"https:\/\/improvizafond.fr\/#\/schema\/logo\/image\/","url":"https:\/\/improvizafond.fr\/wp-content\/uploads\/2022\/07\/cropped-IAF_Logo_V3-2-1.png","contentUrl":"https:\/\/improvizafond.fr\/wp-content\/uploads\/2022\/07\/cropped-IAF_Logo_V3-2-1.png","width":3508,"height":2481,"caption":"ImprovizaFond"},"image":{"@id":"https:\/\/improvizafond.fr\/#\/schema\/logo\/image\/"}}]}},"_links":{"self":[{"href":"https:\/\/improvizafond.fr\/index.php?rest_route=\/wp\/v2\/pages\/701"}],"collection":[{"href":"https:\/\/improvizafond.fr\/index.php?rest_route=\/wp\/v2\/pages"}],"about":[{"href":"https:\/\/improvizafond.fr\/index.php?rest_route=\/wp\/v2\/types\/page"}],"author":[{"embeddable":true,"href":"https:\/\/improvizafond.fr\/index.php?rest_route=\/wp\/v2\/users\/1"}],"replies":[{"embeddable":true,"href":"https:\/\/improvizafond.fr\/index.php?rest_route=%2Fwp%2Fv2%2Fcomments&post=701"}],"version-history":[{"count":32,"href":"https:\/\/improvizafond.fr\/index.php?rest_route=\/wp\/v2\/pages\/701\/revisions"}],"predecessor-version":[{"id":1662,"href":"https:\/\/improvizafond.fr\/index.php?rest_route=\/wp\/v2\/pages\/701\/revisions\/1662"}],"wp:featuredmedia":[{"embeddable":true,"href":"https:\/\/improvizafond.fr\/index.php?rest_route=\/wp\/v2\/media\/1176"}],"wp:attachment":[{"href":"https:\/\/improvizafond.fr\/index.php?rest_route=%2Fwp%2Fv2%2Fmedia&parent=701"}],"curies":[{"name":"wp","href":"https:\/\/api.w.org\/{rel}","templated":true}]}}